inder when 67 is divided by 19.
10
Calculate the remainder when 11 is divided by 7.
4
Calculate the remainder when 1035 is divided by 63.
27
What is the remainder when 150 is divided by 68?
14
What is the remainder when 159 is divided by 150?
9
What is the remainder when 328 is divided by 158?
12
What is the remainder when 799 is divided by 140?
99
Calculate the remainder when 159 is divided by 50.
9
What is the remainder when 256 is divided by 234?
22
What is the remainder when 701 is divided by 13?
12
What is the remainder when 1853 is divided by 64?
61
Calculate the remainder when 258 is divided by 33.
27
Calculate the remainder when 1757 is divided by 252.
245
What is the remainder when 1187 is divided by 17?
14
What is the remainder when 43 is divided by 15?
13
Calculate the remainder when 592 is divided by 103.
77
Calculate the remainder when 261 is divided by 67.
60
Calculate the remainder when 531 is divided by 13.
11
What is the remainder when 5423 is divided by 16?
15
What is the remainder when 107 is divided by 95?
12
Calculate the remainder when 325 is divided by 29.
6
What is the remainder when 2150 is divided by 171?
98
What is the remainder when 230 is divided by 37?
8
What is the remainder when 22 is divided by 12?
10
What is the remainder when 360 is divided by 135?
90
Calculate the remainder when 323 is divided by 97.
32
Calculate the remainder when 1754 is divided by 871.
12
What is the remainder when 443 is divided by 160?
123
What is the remainder when 205 is divided by 93?
19
Calculate the remainder when 727 is divided by 61.
56
Calculate the remainder when 6083 is divided by 124.
7
What is the remainder when 565 is divided by 62?
7
Calculate the remainder when 562 is divided by 171.
49
What is the remainder when 137 is divided by 55?
27
What is the remainder when 110 is divided by 57?
53
Calculate the remainder when 149 is divided by 51.
47
What is the remainder when 181 is divided by 29?
7
What is the remainder when 202 is divided by 12?
10
Calculate the remainder when 121 is divided by 46.
29
What is the remainder when 13725 is divided by 264?
261
What is the remainder when 222 is divided by 5?
2
Calculate the remainder when 130 is divided by 33.
31
Calculate the remainder when 1783 is divided by 15.
13
What is the remainder when 271 is divided by 122?
27
What is the remainder when 919 is divided by 62?
51
Calculate the remainder when 165 is divided by 48.
21
What is the remainder when 67 is divided by 30?
7
What is the remainder when 389 is divided by 30?
29
Calculate the remainder when 313 is divided by 63.
61
Calculate the remainder when 17289 is divided by 12.
9
Calculate the remainder when 317 is divided by 64.
61
Calculate the remainder when 2320 is divided by 6.
4
Calculate the remainder when 105 is divided by 23.
13
Calculate the remainder when 3068 is divided by 193.
173
Calculate the remainder when 38 is divided by 20.
18
Calculate the remainder when 22 is divided by 7.
1
Calculate the remainder when 354 is divided by 21.
18
What is the remainder when 211 is divided by 30?
1
What is the remainder when 32 is divided by 18?
14
Calculate the remainder when 342 is divided by 20.
2
What is the remainder when 129 is divided by 27?
21
What is the remainder when 381 is divided by 88?
29
What is the remainder when 110 is divided by 7?
5
What is the remainder when 172 is divided by 29?
27
What is the remainder when 393 is divided by 10?
3
What is the remainder when 8361 is divided by 11?
1
Calculate the remainder when 2438 is divided by 3.
2
Calculate the remainder when 303 is divided by 30.
3
Calculate the remainder when 12732 is divided by 199.
195
What is the remainder when 3754 is divided by 289?
286
Calculate the remainder when 1160 is divided by 90.
80
Calculate the remainder when 390 is divided by 128.
6
What is the remainder when 36635 is divided by 16?
11
What is the remainder when 81 is divided by 41?
40
Calculate the remainder when 200 is divided by 45.
20
Calculate the remainder when 1870 is divided by 39.
37
What is the remainder when 63 is divided by 32?
31
What is the remainder when 181 is divided by 37?
33
What is the remainder when 297 is divided by 130?
37
Calculate the remainder when 74 is divided by 43.
31
Calculate the remainder when 2023 is divided by 28.
7
What is the remainder when 105 is divided by 38?
29
Calculate the remainder when 184 is divided by 25.
9
What is the remainder when 39 is divided by 18?
3
What is the remainder when 135 is divided by 65?
5
Calculate the remainder when 299 is divided by 14.
5
What is the remainder when 67 is divided by 17?
16
What is the remainder when 1089 is divided by 13?
10
What is the remainder when 409 is divided by 139?
131
What is the remainder when 259 is divided by 128?
3
What is the remainder when 218 is divided by 55?
53
What is the remainder when 56 is divided by 4?
0
Calculate the remainder when 5338 is divided by 60.
58
Calculate the remainder when 2396 is divided by 17.
16
What is the remainder when 2483 is divided by 27?
26
Calculate the remainder when 35220 is divided by 14.
10
What is the remainder when 4089 is divided by 31?
28
What is the remainder when 128 is divided by 20?
8
What is the remainder when 287 is divided by 32?
31
What is the remainder when 3356 is divided by 32?
28
Calculate the remainder when 131 is divided by 15.
11
Calculate the remainder when 18 is divided by 3.
0
Calculate the remainder when 109 is divided by 81.
28
What is the remainder when 6539 is divided by 60?
59
What is the remainder when 1836 is divided by 115?
111
Calculate the remainder when 927 is divided by 4.
3
Calculate the remainder when 21 is divided by 21.
0
Calculate the remainder when 1266 is divided by 318.
312
Calculate the remainder when 2043 is divided by 31.
28
What is the remainder when 330 is divided by 5?
0
What is the remainder when 186 is divided by 21?
18
What is the remainder when 592 is divided by 54?
52
What is the remainder when 101 is divided by 32?
5
Calculate the remainder when 4044 is divided by 11.
7
Calculate the remainder when 3058 is divided by 90.
88
What is the remainder when 109 is divided by 43?
23
What is the remainder when 115 is divided by 59?
56
What is the remainder when 537 is divided by 27?
24
What is the remainder when 1434 is divided by 356?
10
Calculate the remainder when 68 is divided by 54.
14
Calculate the remainder when 21 is divided by 1.
0
Calculate the remainder when 181 is divided by 43.
9
Calculate the remainder when 503 is divided by 18.
17
What is the remainder when 3415 is divided by 23?
11
What is the remainder when 2837 is divided by 86?
85
What is the remainder when 132 is divided by 5?
2
Calculate the remainder when 623 is divided by 39.
38
Calculate the remainder when 24608 is divided by 293.
289
Calculate the remainder when 285 is divided by 27.
15
What is the remainder when 558 is divided by 16?
14
What is the remainder when 156 is divided by 69?
18
Calculate the remainder when 1183 is divided by 1173.
10
What is the remainder when 60 is divided by 42?
18
What is the remainder when 335 is divided by 60?
35
Calculate the remainder when 273 is divided by 31.
25
Calculate the remainder when 44 is divided by 24.
20
What is the remainder when 896 is divided by 29?
26
Calculate the remainder when 228 is divided by 46.
44
What is the remainder when 1366 is divided by 17?
6
Calculate the remainder when 379 is divided by 347.
32
What is the remainder when 3199 is divided by 11?
9
Calculate the remainder when 55 is divided by 7.
6
What is the remainder when 1788 is divided by 2?
0
Calculate the remainder when 1148 is divided by 23.
21
What is the remainder when 398 is divided by 137?
124
Calculate the remainder when 379 is divided by 78.
67
Calculate the remainder when 397 is divided by 10.
7
Calculate the remainder when 218 is divided by 38.
28
Calculate the remainder when 39 is divided by 9.
3
What is the remainder when 175 is divided by 91?
84
What is the remainder when 1467 is divided by 105?
102
Calculate the remainder when 153 is divided by 33.
21
Calculate the remainder when 338 is divided by 61.
33
What is the remainder when 147 is divided by 49?
0
Calculate the remainder when 3682 is divided by 